, -v + 217 = 5*z. Suppose -w - 2*w = 2*r - 36, 0 = r - 5*w - z. Calculate the greatest common divisor of 24 and r.
24
Suppose -97 = 4*j - 409. What is the highest common factor of 117 and j?
39
Suppose 2*y - d - d = 22, -3*d - 3 = 2*y. Suppose 5*t - y*t = 1. Let w be (-10 - t)*(-6)/9. What is the greatest common factor of w and 18?
6
Let x = 46 + -27. Let v = x + -8. Calculate the greatest common factor of 110 and v.
11
Let j(h) = -3 + 3*h**2 + 4*h - 2*h + 0 - h**2. Let i be j(3). Suppose 0 = -4*x - 8, 2*x + 3*x = -3*m + 242. What is the greatest common divisor of i and m?
21
Suppose 2*g + y + 0 = 9, 3*g - 2*y - 3 = 0. Suppose -3*b = 3*l - 585, 0 = l - 4*b + g*b - 195. What is the greatest common factor of 78 and l?
39
Suppose l - 2*l = -56. Let b be (-1)/26 - (-61208)/1456. Calculate the greatest common factor of l and b.
14
Suppose -299*j + 305*j - 1686 = 0. What is the greatest common factor of j and 1?
1
Suppose 0 = 5*x + 5*p - 120, -2*x + 50 = 13*p - 9*p. Calculate the greatest common divisor of x and 621.
23
Suppose 12*o + 102 = 18*o. What is the greatest common factor of o and 85?
17
Suppose -7*r + 11*r - 3*a = 528, 5*r + 3*a - 687 = 0. Let p(v) = v**3 + 10*v**2 + 10*v + 6. Let m be p(-8). What is the highest common factor of m and r?
27
Let y = -31 - -36. Suppose o - 4 - 16 = -2*w, y*o - 3*w - 152 = 0. Calculate the highest common factor of 84 and o.
28
Let a(m) = -12*m**3 - 4*m**2 - 4*m - 2. Let b be a(-2). Let f = 41 - b. Let n be (-8)/60 + (-861)/f. What is the highest common factor of 133 and n?
19
Let g(n) = n**3 - 9*n**2 + 9*n - 23. Let k be g(9). What is the highest common divisor of k and 2?
2
Let x(y) = 3*y**3 + 2*y**2 - y + 2. Suppose -4*s + 28 = 4*k, 2*s - k + 3 = 2. Let j be x(s). What is the highest common divisor of 48 and j?
16
Suppose 3*a - 414 = -5*q, q + 19*a - 23*a = 92. Calculate the greatest common factor of 156 and q.
12
Suppose 25*i - 12*i = 2457. What is the highest common factor of 63 and i?
63
Let l be (-30)/(-40) - (-1890)/8. Suppose 3*z - 5*w = -0*z + 216, -3*z + l = 2*w. Calculate the greatest common factor of z and 11.
11
Let r be (-10)/6 + (6680/(-30))/(-4). What is the highest common divisor of 450 and r?
18
Let k = -40 + 40. Suppose 4*q + 14 - 70 = k. Calculate the highest common factor of 21 and q.
7
Let v(g) = -5*g + 51. Let i be v(0). Calculate the greatest common factor of 68 and i.
17
Let i be ((-2160)/140)/((-1)/14). What is the greatest common divisor of 54 and i?
54
Suppose 3*b + 19 = p - 2*b, 0 = 2*b + 8. Let j = p + 2. What is the greatest common factor of j and 11?
1
Let l be (9 + (-15)/4)/(3/8). What is the greatest common divisor of l and 2702?
14
Suppose 4*m = -3*x + 23, 3*x - x = 4*m - 18. Let c be ((8/12)/x)/((-4)/(-870)). Calculate the greatest common divisor of 58 and c.
29
Let s be 52 + (7 - (-2 - -7)). Suppose 6*f = -3*f + s. What is the highest common divisor of f and 4?
2
Let t(v) = -56*v + 2259. Let u be t(40). Let m(z) = 8*z**2 - 7*z + 6. Let y be m(5). What is the greatest common divisor of u and y?
19
Suppose -3*c + 2*c - 13 = 0. Let t = c - -9. Let u be (-3)/t + (-265)/(-20). Calculate the greatest common factor of u and 126.
14
Let p(a) = -4*a - 6. Suppose -3*f - 31 = -10. Let w be p(f). What is the highest common divisor of w and 44?
22
Let c be (2 - (-8)/3)*3240/70. What is the highest common divisor of 378 and c?
54
Suppose -2*c - 4 = -16. Let p be (0 + -4 + -2)*c/(-4). What is the greatest common factor of p and 2?
1
Let q = -231 + 263. What is the highest common factor of 8 and q?
8
Suppose -184 = 3*r - 640. Suppose y + r = 5*c, -2*c + 156 = 3*c - 3*y. What is the greatest common factor of c and 50?
10
Let k(o) = -46*o + 20. Let n be k(-5). Suppose -4*t - 6*t + n = 0. What is the highest common divisor of 10 and t?
5
Suppose z - 15 = -2*b, 0*b + 4*b = 3*z - 5. Suppose 5*s - 2*f - 190 - 63 = 0, -3*f - 257 = -5*s. Calculate the highest common divisor of s and z.
7
Let g be (-6 + (-4)/((-6)/6))*-7. Calculate the greatest common factor of g and 154.
14
Suppose i = 4*g - 785, 5*g = -7*i + 456 + 484. Let k be (2/(-4))/((-1)/30). What is the greatest common factor of g and k?
15
Let c(d) = -5*d + 36. Let f be c(8). Let q be (4/(-10) - (-81)/(-60))*f. What is the highest common divisor of q and 7?
7
Suppose -2*l - 5*y - 3 = -0*y, 5*y - 3 = -3*l. Let w = 8 - 5. Suppose n - 66 = -h, w*n - 330 = -h - 4*h. Calculate the greatest common factor of l and h.
6
Let p be 38625/2060 + 1 + (-2)/(-8). Calculate the highest common divisor of p and 365.
5
Suppose -16 = -2*n - 6*n. Suppose 7*m + n - 72 = 0. Calculate the greatest common divisor of m and 80.
10
Suppose -4*b + 450 = 2*g - 26, 3*b + 4*g = 357. Calculate the greatest common divisor of 28 and b.
7
Suppose w + 73 = 71. Let q = 6 - w. Suppose -3*d - 15 = -h, -4*h + 1 + 44 = 3*d. Calculate the greatest common divisor of h and q.
4
Suppose -810 = -3*s - 3*i, -s - 14*i + 11*i + 278 = 0. Calculate the highest common divisor of s and 14.
14
Let g = -6313 + 6323. Let s(n) = -n**2 + n + 10. Let j be s(0). Calculate the highest common divisor of g and j.
10
Suppose -32*r = 12*r - 528. Calculate the greatest common divisor of 12 and r.
12
Let t = 2319 - 1663. Calculate the highest common factor of t and 410.
82
Suppose -4*i = 2*o - 266, 18 = -2*i + 5*o + 121. What is the greatest common factor of 928 and i?
32
Let b = 980 - 770. Calculate the highest common divisor of b and 6.
6
Let j(y) = y + 22. Let c be j(0). Let l(v) = -v**3 - 7*v**2 - 5*v + 75. Let a be l(-7). What is the greatest common factor of c and a?
22
Suppose 3*x - 5*s - 242 = 0, 23*s - 22*s = 2*x - 166. What is the greatest common factor of 196 and x?
28
Let h be (31/2 + -2)*-2. Let k = -18 - h. Suppose 0 = -6*t + 63 - 9. What is the highest common divisor of t and k?
9
Let w = -36 - -66. Let z(g) = 7*g - 15. Let u be z(3). What is the greatest common factor of w and u?
6
Suppose -531 = -4*z + 653. Suppose -j = 4*j - 185. What is the greatest common divisor of z and j?
37
Suppose 5*j + 40 = r, 0 = 2*r - 0*r - 3*j - 45. What is the highest common divisor of 95 and r?
5
Suppose -a + 5*n + 51 - 6 = 0, 5*a - n - 129 = 0. Calculate the highest common factor of 60 and a.
5
Let b(h) = 28*h**2 + 102*h - 9. Let k be b(-4). Let m(o) = o**3 + 6*o**2 - o + 1. Let f be m(-5). Calculate the highest common divisor of f and k.
31
Suppose 0 = 4*w - 8*w - 12. Let u be 52 - (w - 4/(-1)). Suppose -4*y = 4*a - 152, 5*a - 3*y = -4*y + 174. What is the greatest common factor of a and u?
17
Let u(d) = d - 13. Let h be u(7). Let t be -4*(8/2 + h). Suppose -6*g = -7*g + 2. What is the highest common divisor of t and g?
2
Let y(t) = 373*t**2 - 86*t - 87. Let d be y(-1). Calculate the highest common divisor of 8 and d.
4
Suppose 5*l = -5*t + 165, -5*t - 13 = 3*l - 116. Calculate the greatest common divisor of 93 and l.
31
Let j = 13 + -13. Suppose j = 6*w - w + 3*l - 138, -5*l - 20 = 0. What is the highest common factor of w and 6?
6
Let k(r) = r**3 + 10*r**2 - 3*r - 26. Let u be k(-10). What is the greatest common divisor of u and 38?
2
Let z(o) = 16*o + 13. Let n be z(5). Let p be (-130)/(-4) + (-12)/8. Calculate the greatest common factor of p and n.
31
Let g be (-30 - -8)/((-7)/(35/2)). Calculate the highest common factor of g and 45.
5
Suppose -9*z - 355 = -10*z. Calculate the highest common divisor of z and 10.
5
Suppose 19*p = 14*p + 510. What is the greatest common divisor of 170 and p?
34
Let p(g) = g**2 - 42*g - 173. Let c be p(-27). What is the highest common divisor of c and 10?
10
Let x(y) be the first derivative of y**4/4 + 16*y**3/3 - y**2/2 - 15*y + 7. Let q be x(-16). Calculate the highest common divisor of q and 11.
1
Suppose -5*j + 75 = -15. Suppose i - l = j, -3*i + 43 + 7 = -l. Suppose -5*x + i + 19 = 0. What is the highest common factor of 7 and x?
7
Let o = 377 + -296. What is the highest common divisor of 54 and o?
27
Let h(n) = 21*n**2 - n - 1. Suppose 26*v + 3 = 23*v. Let k be h(v). What is the greatest common divisor of 21 and k?
21
Let p = 37 - 55. Let j(r) = -r**2 - 20*r - 15. Let a be j(p). Calculate the highest common divisor of 168 and a.
21
Let f be (0 - 91/(-5)) + 23/(-115). What is the highest common divisor of 9 and f?
9
Suppose 0 = -11*s - 7*s + 4050. Calculate the 